se 10, what is -3169677 - 7?
-3169684
In base 16, what is 0 + 4cd9e07?
4cd9e07
In base 3, what is 22 + -100211200221022?
-100211200221000
In base 8, what is 2 + 21331436?
21331440
In base 6, what is 15 - 11122225?
-11122210
In base 13, what is 130 + 1275b2?
127712
In base 7, what is -522506114 - 16?
-522506133
In base 11, what is 5 - -4212aa22?
4212aa27
In base 15, what is 25e0c + -107c?
24d80
In base 16, what is ab9 - -bd9?
1692
In base 14, what is -da7 + -179b?
-2764
In base 3, what is -20021210 + -112210?
-20211120
In base 9, what is 886 - -633715?
634712
In base 10, what is -65269 + -4?
-65273
In base 8, what is -754033754 - 6?
-754033762
In base 13, what is -54607b6 + -1?
-54607b7
In base 15, what is -2 - b51ac?
-b51ae
In base 9, what is 8 + 34607531?
34607540
In base 14, what is 1bb92 - -6d0?
1c482
In base 16, what is e - -19186b7?
19186c5
In base 11, what is -2 + 66496733?
66496731
In base 11, what is 936741 + -191?
936560
In base 4, what is -13130323 - 2120?
-13133103
In base 12, what is 90a3475 + 5?
90a347a
In base 11, what is -294820a4 + -5?
-294820a9
In base 3, what is 22101 - -102010102020?
102010201121
In base 11, what is 530899 - -a?
5308a8
In base 2, what is -100011111001000 + -1001100101?
-100101000101101
In base 4, what is -11232302111002 - 0?
-11232302111002
In base 7, what is -12023 + 404645?
362622
In base 14, what is -874 - 12c7d?
-13713
In base 12, what is 49026a181 + -2?
49026a17b
In base 4, what is 330 - -1000013000?
1000013330
In base 3, what is 12201101112220201 - 12?
12201101112220112
In base 13, what is -191caab + -c?
-191caba
In base 4, what is 3313022 + 10233003?
20212031
In base 13, what is -13b34cc6 + 0?
-13b34cc6
In base 10, what is -2 + -203149?
-203151
In base 12, what is 6a3 + -301aa5?
-301402
In base 7, what is 5241 - -13342?
21613
In base 2, what is 11 - 110100001100101001110?
-110100001100101001011
In base 3, what is 12002012221122121 + -10?
12002012221122111
In base 14, what is -1848a28 - 4?
-1848a2c
In base 2, what is 110011100 - 1010000101100001?
-1001111111000101
In base 5, what is 131 + -44421410?
-44421224
In base 16, what is -35444c4 - -2?
-35444c2
In base 16, what is -905 + 13424?
12b1f
In base 16, what is -16 + 32a0d?
329f7
In base 9, what is -4 + 1740262?
1740257
In base 9, what is -31852 - -678?
-31163
In base 7, what is 6503 - -1054325?
1064131
In base 16, what is 0 - 1ba5fc?
-1ba5fc
In base 4, what is 0 - -10011133202?
10011133202
In base 8, what is 34 - -624275?
624331
In base 5, what is 402 + 33222032?
33222434
In base 13, what is -3758c6 + 157?
-37576c
In base 14, what is 178dc2 - 5?
178dbb
In base 2, what is 1010000 + -1101010010101011?
-1101010001011011
In base 9, what is 621 - -60264?
60885
In base 5, what is 2432222034 - -2?
2432222041
In base 11, what is 2873984 + -5?
287397a
In base 6, what is -3140103 + 520?
-3135143
In base 2, what is 111111100100 - -1101101100101011?
1110101100001111
In base 15, what is 2e9 - 1870?
-1576
In base 10, what is 20070 - -1046?
21116
In base 5, what is -314321301 - -134?
-314321112
In base 11, what is 280 + 182335?
182605
In base 6, what is 23225 + -12512?
10313
In base 14, what is -5cb299 - 5?
-5cb2a0
In base 7, what is -232162 + 12445?
-216414
In base 7, what is -32 - 212356?
-212421
In base 7, what is 16246 - -125630?
145206
In base 12, what is 15 + 427598?
4275b1
In base 8, what is 34 + 57205677?
57205733
In base 16, what is -5 - -3debc4?
3debbf
In base 3, what is -10202110 - -112102?
-10020001
In base 11, what is -4 + -a78446?
-a7844a
In base 15, what is -1e7d75 + -174?
-1e7ee9
In base 12, what is 77223b + 14?
772253
In base 6, what is 43102551 - -2035?
43105030
In base 13, what is -375 - 615?
-98a
In base 4, what is -3 - 3102132202?
-3102132211
In base 14, what is -23662d2 - -4?
-23662cc
In base 12, what is 15b35b - 1?
15b35a
In base 14, what is -8 + 69a3c21?
69a3c17
In base 4, what is 1022 - -122120112312?
122120120000
In base 16, what is 2e5 + 760a8?
7638d
In base 9, what is -236 + -3756362?
-3756608
In base 15, what is -5805 + 71?
-5784
In base 7, what is 6665266651 - 0?
6665266651
In base 6, what is -4555101 + -532?
-5000033
In base 2, what is 111110100110111101 - 100001111?
111110100010101110
In base 6, what is 125154 + 523?
130121
In base 3, what is -100 - -100111010022120?
100111010022020
In base 16, what is -36cd25d + 0?
-36cd25d
In base 15, what is -4b4 - 26d?
-732
In base 8, what is -2203010 + 3?
-2203005
In base 12, what is -3 - -54472b?
544728
In base 15, what is -8c514d99 - 3?
-8c514d9c
In base 4, what is -2330 + 303131100?
303122110
In base 3, what is -2111 - 2201110000002?
-2201110002120
In base 2, what is -10101 - -10000011111000101011001?
10000011111000101000100
In base 16, what is 47 + -1a0f9?
-1a0b2
In base 7, what is 121656051 + -11?
121656040
In base 10, what is -39 + 6118447?
6118408
In base 9, what is 10 - 23166004?
-23165884
In base 14, what is -10 + -870b5c?
-870b6c
In base 14, what is -589a2 + 123?
-5887d
In base 12, what is -1 - -176b8b?
176b8a
In base 13, what is 3355 - 102cb?
-9c76
In base 8, what is 15 - -43671?
43706
In base 3, what is 1 + -12022210222?
-12022210221
In base 8, what is -1336 + -144027?
-145365
In base 6, what is 5515 + -335040?
-325121
In base 14, what is 6 - 6651d0c?
-6651d06
In base 6, what is 1201 + 422?
2023
In base 15, what is -a - 685285?
-685290
In base 13, what is -47c4c + 19?
-47c33
In base 13, what is 1084b + cb?
10949
In base 16, what is 2e - 21bf1b?
-21beed
In base 12, what is 229a - -14a86?
17164
In base 11, what is 2840 + 416?
3156
In base 12, what is -65039838 - 3?
-6503983b
In base 16, what is c5 - -1db11b?
1db1e0
In base 9, what is -505 - 651473?
-652078
In base 16, what is -34b317 + 8?
-34b30f
In base 10, what is 234 - -57461?
57695
In base 10, what is -7 - 719686?
-719693
In base 7, what is -1243 - -2264?
1021
In base 10, what is 4361 - 18950?
-14589
In base 3, what is -1101102211202120 + 200?
-1101102211201220
In base 13, what is -1732aa6 + 0?
-1732aa6
In base 8, what is 5014 + 62202?
67216
In base 9, what is 1 + 127885514?
127885515
In base 10, what is 46521 - 648?
45873
In base 6, what is -210244 + -111030?
-321314
In base 5, what is -114022 + 30011?
-34011
In base 10, what is 39 + 693676?
693715
In base 6, what is -5 + -101004521?
-101004530
In base 7, what is 3334415 - 145?
3334240
In base 13, what is 1 + -1714725?
-1714724
In base 4, what is -12302 - -1230111131?
1230032223
In base 16, what is 7297f + -134?
7284b
In base 3, what is -22100212221 - 1122?
-22100221120
In base 3, what is 2200212200212111102 - -11?
2200212200212111120
In base 4, what is 23 + -102030323?
-102030300
In base 16, what is -499 + 4ae?
15
In base 13, what is 188a - 3776?
-1bb9
In base 12, what is -118 + -638a5?
-63a01
In base 12, what is -18504 + -769?
-19071
In base 9, what is -4 - -146518300?
146518285
In base 15, what is 11 - 164d5?
-164c4
In base 2, what is -111001011100010011 + -101111?
-111001011101000010
In base 15, what is 12193ec + -2?
12193ea
In base 15, what is -4d36 + 7e4?
-4542
In base 8, what is 45 + 543440?
543505
In base 7, what is -633113550 + -3?
-633113553
In base 3, what is -220 + 12222001001110?
12222001000120
In base 10, what is -1765452889 - -3?
-1765452886
In base 3, what is -21 - -12102110010100?
12102110010002
In base 14, what is -1bd94 + -29?
-1bdbd
In base 10, what is 9 + -152802?
-152793
In base 6, what is -3 - -53430301?
53430254
In base 10, what is 20484610 + -21?
20484589
In base 12, what is 1190448 + -1?
1190447
In base 7, what is 2110 + -131?
1646
In base 13, what is -1959842c + -2?
-19598431
In base 8, what is 17 + 20106300?
20106317
In base 3, what is 11102 - -2012011202?
2012100011
In base 6, what is 2000311 + 5012?
2005323
In base 16, what is 613281 + 30?
6132b1
In base 13, what is -1201 + bc5c?
aa5b
In base 11, what is -42717 + -120?
-42837
In base 16, what is def7 + b5?
dfac
In base 2, what is 100000111000100010000000010 - -1101?
100000111000100010000001111
In base 8, what is -2 - 10411266?
-10411270
In base 8, what is 14655 - 7666?
4767
In base 5, what is -142 - 204113202?
-204113344
In base 6, what is -102 - 1230041235?
-1230041341
In base 8, what is -1 + 1144554064?
1144554063
In base 3, what is -10220 + 201100022000?
201100011010
In base 14, what is -46d2 +